4?
True
Is 29 a factor of 117537?
True
Is 40 a factor of 803?
False
Does 11 divide 44616?
True
Does 8 divide 55189?
False
Does 5 divide 914?
False
Is 14 a factor of 24982?
False
Is 12 a factor of 2988?
True
Does 13 divide 8033?
False
Is 2755 a multiple of 145?
True
Is 9480 a multiple of 4?
True
Does 46 divide 626?
False
Does 12 divide 276?
True
Is 12 a factor of 817?
False
Does 75 divide 750?
True
Does 228 divide 35064?
False
Does 95 divide 367?
False
Is 608 a multiple of 10?
False
Is 41 a factor of 166?
False
Does 60 divide 5078?
False
Is 39 a factor of 23868?
True
Is 1515 a multiple of 53?
False
Is 13 a factor of 390?
True
Is 16 a factor of 240?
True
Does 133 divide 4921?
True
Is 720 a multiple of 24?
True
Is 7 a factor of 7413?
True
Does 113 divide 113?
True
Is 32 a factor of 13573?
False
Is 3202 a multiple of 9?
False
Does 27 divide 52?
False
Is 33 a factor of 7295?
False
Is 29 a factor of 473?
False
Is 4088 a multiple of 73?
True
Is 53 a multiple of 4?
False
Does 13 divide 25168?
True
Is 22 a factor of 9328?
True
Does 15 divide 2592?
False
Does 52 divide 2763?
False
Is 15 a factor of 1821?
False
Is 20409 a multiple of 23?
False
Is 3175 a multiple of 102?
False
Does 14 divide 588?
True
Is 13272 a multiple of 18?
False
Is 21 a factor of 15666?
True
Does 43 divide 3999?
True
Does 14 divide 23436?
True
Is 199 a factor of 16119?
True
Is 333 a factor of 56610?
True
Does 172 divide 6946?
False
Is 214 a factor of 56841?
False
Is 6 a factor of 1086?
True
Is 54 a factor of 972?
True
Does 100 divide 4841?
False
Does 52 divide 8649?
False
Is 447 a multiple of 37?
False
Is 40 a factor of 2963?
False
Does 50 divide 122?
False
Is 7907 a multiple of 44?
False
Is 3972 a multiple of 12?
True
Is 10 a factor of 1498?
False
Is 2205 a multiple of 20?
False
Is 11 a factor of 259?
False
Is 126 a factor of 3817?
False
Does 59 divide 2673?
False
Does 4 divide 260?
True
Is 8 a factor of 10765?
False
Does 14 divide 294?
True
Is 14 a factor of 1800?
False
Does 13 divide 469?
False
Does 64 divide 12412?
False
Does 25 divide 2119?
False
Does 249 divide 19250?
False
Is 187 a factor of 25993?
True
Is 31 a factor of 12834?
True
Does 8 divide 305?
False
Is 91 a factor of 19477?
False
Is 2944 a multiple of 152?
False
Does 12 divide 2488?
False
Does 5 divide 1310?
True
Does 149 divide 17519?
False
Is 5125 a multiple of 125?
True
Does 147 divide 8718?
False
Does 88 divide 981?
False
Is 12 a factor of 6197?
False
Is 5 a factor of 454?
False
Does 124 divide 106790?
False
Is 9 a factor of 51?
False
Is 2 a factor of 284?
True
Does 20 divide 570?
False
Is 3 a factor of 239?
False
Is 7 even?
False
Does 50 divide 4600?
True
Does 122 divide 3231?
False
Is 5633 a multiple of 19?
False
Does 6 divide 189?
False
Does 10 divide 1600?
True
Is 265 a factor of 3942?
False
Is 11 a factor of 2305?
False
Is 31 a factor of 9817?
False
Is 12 a factor of 7560?
True
Is 93 a factor of 5741?
False
Does 2 divide 92?
True
Does 9 divide 16010?
False
Is 346 a multiple of 57?
False
Does 3 divide 13770?
True
Does 15 divide 4222?
False
Is 31 a factor of 6409?
False
Is 208 a multiple of 3?
False
Does 42 divide 680?
False
Does 44 divide 2553?
False
Does 14 divide 658?
True
Is 1528 a multiple of 25?
False
Is 1462 a multiple of 43?
True
Is 174 a multiple of 25?
False
Does 182 divide 11102?
True
Does 42 divide 1109?
False
Does 37 divide 185?
True
Does 19 divide 661?
False
Does 12 divide 4880?
False
Is 47 a factor of 1081?
True
Does 3 divide 1645?
False
Does 4 divide 11652?
True
Is 6 a factor of 608?
False
Is 7308 a multiple of 12?
True
Is 12 a factor of 816?
True
Does 61 divide 244?
True
Is 23690 a multiple of 12?
False
Does 4 divide 744?
True
Does 19 divide 94392?
True
Does 9 divide 94?
False
Is 14 a factor of 60?
False
Is 370 a multiple of 11?
False
Is 71 a factor of 639?
True
Is 1414 a multiple of 7?
True
Is 104 a multiple of 2?
True
Is 2 a factor of 409?
False
Does 118 divide 2006?
True
Is 25 a factor of 1389?
False
Does 59 divide 1534?
True
Does 12 divide 9180?
True
Is 131 a factor of 7991?
True
Does 5 divide 9872?
False
Is 18 a factor of 1812?
False
Is 132 a multiple of 12?
True
Does 4 divide 5164?
True
Is 1395 a multiple of 33?
False
Is 12520 a multiple of 40?
True
Is 18 a factor of 713?
False
Is 4887 a multiple of 46?
False
Does 56 divide 641?
False
Is 381 a multiple of 4?
False
Is 22770 a multiple of 49?
False
Is 12674 a multiple of 46?
False
Is 6027 a multiple of 7?
True
Is 477 a multiple of 22?
False
Is 15154 a multiple of 18?
False
Is 51352 a multiple of 28?
True
Is 172 a factor of 7551?
False
Does 46 divide 5658?
True
Is 20 a factor of 4963?
False
Is 66 a multiple of 4?
False
Does 34 divide 720?
False
Does 59 divide 5015?
True
Is 2 a factor of 301?
False
Does 15 divide 435?
True
Does 4 divide 1028?
True
Does 6 divide 3378?
True
Is 28 a factor of 2520?
True
Is 45 a factor of 4275?
True
Is 70 a factor of 556?
False
Does 24 divide 34488?
True
Is 43782 a multiple of 20?
False
Is 14 a factor of 4050?
False
Does 17 divide 2261?
True
Does 8 divide 183?
False
Is 1612 a multiple of 26?
True
Does 2 divide 266?
True
Does 14 divide 1254?
False
Does 119 divide 78064?
True
Is 1049 a multiple of 15?
False
Is 18823 a multiple of 21?
False
Does 9 divide 3141?
True
Does 285 divide 29019?
False
Does 12 divide 60?
True
Does 117 divide 47736?
True
Is 223 a multiple of 87?
False
Is 861 a multiple of 41?
True
Is 45503 a multiple of 169?
False
Is 3 a factor of 1142?
False
Does 4 divide 1163?
False
Does 56 divide 5847?
False
Is 27 a factor of 1663?
False
Is 17 a factor of 1626?
False
Is 4676 a multiple of 22?
False
Does 18 divide 9683?
False
Is 1391 a multiple of 13?
True
Is 7 a factor of 154?
True
Is 167 a multiple of 5?
False
Is 4 a factor of 4369?
False
Is 21528 a multiple of 52?
True
Is 32 a factor of 7872?
True
Is 4 a factor of 1258?
False
Does 168 divide 21504?
True
Is 79 a factor of 4918?
False
Is 41 even?
False
Is 332 a multiple of 7?
False
Does 16 divide 5588?
False
Is 100 a multiple of 8?
False
Is 8536 a multiple of 11?
True
Does 12 divide 716?
False
Is 12 a factor of 295?
False
Is 6 a factor of 8520?
True
Is 211 a multiple of 16?
False
Is 51 a factor of 51?
True
Does 10 divide 4101?
False
Is 46865 a multiple of 103?
True
Is 99 a factor of 2436?
False
Is 14 a factor of 2873?
False
Is 51 a factor of 8509?
False
Is 13 a factor of 21762?
True
Does 18 divide 2081?
False
Is 13 a factor of 650?
True
Is 4464 a multiple of 11?
False
Is 5 a factor of 1353?
False
Is 18 a factor of 936?
True
Is 221 a factor of 56648?
False
Is 105192 a multiple of 27?
True
Does 18 divide 2782?
False
Does 11 divide 52096?
True
Is 17 a factor of 340?
True
Is 660 a multiple of 6?
True
Does 12 divide 22571?
False
Is 19761 a multiple of 82?
False
Is 17 a factor of 5423?
True
Does 6 divide 30336?
True
Does 4 divide 200?
True
Is 999 a multiple of 27?
True
Is 6681 a multiple of 51?
True
Is 18 a factor of 122?
False
Is 16 a factor of 316?
False
Is 143 a factor of 90485?
False
Is 22024 a multiple of 29?
False
Does 12 divide 2198?
False
Is 361 a multiple of 6?
False
Is 72 a multiple of 2?
True
Does 71 divide 523?
False
Does 5 divide 392?
False
Does 11 divide 880?
True
Does 46 divide 38180?
True
Is 2 a factor of 3?
False
Is 10795 a multiple of 17?
True
Does 47 divide 4519?
False
Does 18 divide 1368?
True
Is 2502 a multiple of 28?
False
Is 10 a factor of 283?
False
Does 265 divide 50880?
True
Is 318 a factor of 18005?
False
Is 75459 a multiple of 38?
False
Is 100 a factor of 1293?
False
Does 31 divide 25110?
True
Is 352 a multiple of 19?
False
Does 15 divide 26205?
True
Does 13 divide 58613?
False
Does 11 divide 1839?
False
Is 16 a factor of 1325?
False
Is 8134 a multiple of 32?
False
Is 8 a factor of 233?
False
Is 9 a factor of 750?
False
Is 223 a multiple of 25?
False
Does 42 divide 24528?
True
Is 2314 a multiple of 20?
False
Is 11212 a multiple of 43?
False
Is 11 a factor of 977?
False
Does 2 divide 194?
True
Is 41 a factor of 205?
True
Does 15 divide 614?
False
Is 49 a factor of 3430?
True
Is 34 a factor of 238?
True
Is 13 a factor of 754?
True
Is 4 a factor of 2878?
False
Is 3526 a multiple of 14?
False
Does 7 divide 35129?
False
Is 29 a factor of 18560?
True
Is 211 a factor of 49850?
False
Does 45 divide 23728?
False
Is 93320 a multiple of 60?
